{"id":16913,"date":"2026-01-17T15:49:20","date_gmt":"2026-01-17T14:49:20","guid":{"rendered":"https:\/\/oponyonline.shop\/xef5\/produkt\/2-x-fortuna-ecoplus-uhp-2-285-35r18-101-w-xl-opona-letnia\/"},"modified":"2026-01-17T15:49:21","modified_gmt":"2026-01-17T14:49:21","slug":"2-x-fortuna-ecoplus-uhp-2-285-35r18-101-w-xl-opona-letnia","status":"publish","type":"product","link":"https:\/\/oponivo.shop\/tire\/produkt\/2-x-fortuna-ecoplus-uhp-2-285-35r18-101-w-xl-opona-letnia\/","title":{"rendered":"2 x Fortuna Ecoplus UHP 2 285\/35R18 101 W XL opona letnia"},"content":{"rendered":"<div style=\"font-family: Arial, sans-serif; line-height: 1.6; color: #333; padding: 20px; clear: both; display: block; width: 100%; float: none; position: static; overflow: hidden;\">\n<div style=\"clear: both; display: block; margin: 10px 0;\">\n<div style=\"clear: both; display: block; margin: 10px 0;\">\n<div style=\"clear: both; display: block; margin: 10px 0;\">\n<div  style=\"max-width:128px;max-height:300px\">\n<div style=\"clear: both; display: block; margin: 10px 0;\">\n<div style=\"clear: both; width: 100%; display: block; margin: 20px 0; padding: 0; float: none; position: static; text-align: center;\"><img decoding=\"async\"  src=\"https:\/\/a.allegroimg.com\/original\/11500f\/d8e4f3254ddc9f1bac8265d8b4f0\/2-x-Fortuna-Ecoplus-UHP-2-285-35R18-101-W-XL-opona-letnia\" srcset=\"https:\/\/a.allegroimg.com\/original\/11500f\/d8e4f3254ddc9f1bac8265d8b4f0\/2-x-Fortuna-Ecoplus-UHP-2-285-35R18-101-W-XL-opona-letnia 128w,https:\/\/a.allegroimg.com\/original\/11500f\/d8e4f3254ddc9f1bac8265d8b4f0\/2-x-Fortuna-Ecoplus-UHP-2-285-35R18-101-W-XL-opona-letnia 128w\" sizes=\"(min-width: 1200px) 560px, (min-width: 992px) 50vw, 100vw\" width=\"128px\" alt=\"2 x Fortuna Ecoplus UHP 2 285\/35R18 101 W XL opona letnia\" style=\"max-width: 100%; height: auto; display: block; margin: 0 auto;\"><\/div>\n<\/div>\n<\/div>\n<\/div>\n<\/div>\n<div style=\"clear: both; display: block; margin: 10px 0;\">\n<div style=\"clear: both; display: block; margin: 10px 0;\">\n<h2>Fortuna Ecoplus UHP 2 285\/35R18 101 W XL<\/h2>\n<p style=\"margin: 15px 0; line-height: 1.8; clear: both; display: block; width: 100%; float: none; position: static;\">Producent: Fortuna<\/p>\n<p style=\"margin: 15px 0; line-height: 1.8; clear: both; display: block; width: 100%; float: none; position: static;\">Model: Ecoplus UHP 2<\/p>\n<p style=\"margin: 15px 0; line-height: 1.8; clear: both; display: block; width: 100%; float: none; position: static;\">Sezon: letnie<\/p>\n<p style=\"margin: 15px 0; line-height: 1.8; clear: both; display: block; width: 100%; float: none; position: static;\">Rozmiar: 285\/35R18<\/p>\n<p style=\"margin: 15px 0; line-height: 1.8; clear: both; display: block; width: 100%; float: none; position: static;\">Data produkcji: 2024\/2025<\/p>\n<p style=\"margin: 15px 0; line-height: 1.8; clear: both; display: block; width: 100%; float: none; position: static;\">Zu\u017cycie paliwa: klasa C<\/p>\n<p style=\"margin: 15px 0; line-height: 1.8; clear: both; display: block; width: 100%; float: none; position: static;\">Przyczepno\u015b\u0107 na mokrym: klasa B<\/p>\n<p style=\"margin: 15px 0; line-height: 1.8; clear: both; display: block; width: 100%; float: none; position: static;\">Poziom ha\u0142asu: 71 dB<\/p>\n<\/div>\n<\/div>\n<\/div>\n<\/div>\n<\/div>\n<\/div>\n<div style=\"clear: both; display: block; margin: 10px 0;\">\n","protected":false},"excerpt":{"rendered":"<p>Fortuna Ecoplus UHP 2 285\/35R18 101 W XL<\/p>\n<p>Producent: Fortuna<\/p>\n<p>Model: Ecoplus UHP 2<\/p>\n<p>Sezon: letnie<\/p>\n<p>Rozmiar: 285\/35R18<\/p>\n<p>Data produkcji: 2024\/2025<\/p>\n<p>Zu\u017cycie paliwa: klasa C<\/p>\n<p>Przyczepno\u015b\u0107 na mokrym: klasa B<\/p>\n","protected":false},"featured_media":16914,"template":"","meta":{"_uag_custom_page_level_css":""},"product_brand":[450],"product_cat":[414,418,413,412],"product_tag":[],"class_list":{"0":"post-16913","1":"product","2":"type-product","3":"status-publish","4":"has-post-thumbnail","6":"product_brand-fortuna","7":"product_cat-do-samochodow-osobowych-i-suv","8":"product_cat-letnie","9":"product_cat-opony","10":"product_cat-opony-i-felgi","12":"first","13":"instock","14":"shipping-taxable","15":"purchasable","16":"product-type-simple"},"uagb_featured_image_src":{"full":["https:\/\/oponivo.shop\/tire\/wp-content\/uploads\/2026\/01\/allegro-image-16913.jpg",128,300,false],"thumbnail":["https:\/\/oponivo.shop\/tire\/wp-content\/uploads\/2026\/01\/allegro-image-16913-128x150.jpg",128,150,true],"medium":["https:\/\/oponivo.shop\/tire\/wp-content\/uploads\/2026\/01\/allegro-image-16913.jpg",128,300,false],"medium_large":["https:\/\/oponivo.shop\/tire\/wp-content\/uploads\/2026\/01\/allegro-image-16913.jpg",128,300,false],"large":["https:\/\/oponivo.shop\/tire\/wp-content\/uploads\/2026\/01\/allegro-image-16913.jpg",128,300,false],"1536x1536":["https:\/\/oponivo.shop\/tire\/wp-content\/uploads\/2026\/01\/allegro-image-16913.jpg",128,300,false],"2048x2048":["https:\/\/oponivo.shop\/tire\/wp-content\/uploads\/2026\/01\/allegro-image-16913.jpg",128,300,false],"woocommerce_thumbnail":["https:\/\/oponivo.shop\/tire\/wp-content\/uploads\/2026\/01\/allegro-image-16913.jpg",128,300,false],"woocommerce_single":["https:\/\/oponivo.shop\/tire\/wp-content\/uploads\/2026\/01\/allegro-image-16913.jpg",128,300,false],"woocommerce_gallery_thumbnail":["https:\/\/oponivo.shop\/tire\/wp-content\/uploads\/2026\/01\/allegro-image-16913-100x100.jpg",100,100,true]},"uagb_author_info":{"display_name":"admin","author_link":"https:\/\/oponivo.shop\/tire\/author\/"},"uagb_comment_info":0,"uagb_excerpt":"Fortuna Ecoplus UHP 2 285\/35R18 101 W XL Producent: Fortuna Model: Ecoplus UHP 2 Sezon: letnie Rozmiar: 285\/35R18 Data produkcji: 2024\/2025 Zu\u017cycie paliwa: klasa C Przyczepno\u015b\u0107 na mokrym: klasa B","_links":{"self":[{"href":"https:\/\/oponivo.shop\/tire\/wp-json\/wp\/v2\/product\/16913","targetHints":{"allow":["GET"]}}],"collection":[{"href":"https:\/\/oponivo.shop\/tire\/wp-json\/wp\/v2\/product"}],"about":[{"href":"https:\/\/oponivo.shop\/tire\/wp-json\/wp\/v2\/types\/product"}],"wp:featuredmedia":[{"embeddable":true,"href":"https:\/\/oponivo.shop\/tire\/wp-json\/wp\/v2\/media\/16914"}],"wp:attachment":[{"href":"https:\/\/oponivo.shop\/tire\/wp-json\/wp\/v2\/media?parent=16913"}],"wp:term":[{"taxonomy":"product_brand","embeddable":true,"href":"https:\/\/oponivo.shop\/tire\/wp-json\/wp\/v2\/product_brand?post=16913"},{"taxonomy":"product_cat","embeddable":true,"href":"https:\/\/oponivo.shop\/tire\/wp-json\/wp\/v2\/product_cat?post=16913"},{"taxonomy":"product_tag","embeddable":true,"href":"https:\/\/oponivo.shop\/tire\/wp-json\/wp\/v2\/product_tag?post=16913"}],"curies":[{"name":"wp","href":"https:\/\/api.w.org\/{rel}","templated":true}]}}